5, 7, 29, 179, 389
List the prime factors of 1150694651.
1150694651
What are the prime factors of 736689422?
2, 7, 7517239
What are the prime factors of 1704304085?
5, 11, 19, 1630913
List the prime factors of 136897379.
17, 8052787
List the prime factors of 136804283.
7, 11, 757, 2347
List the prime factors of 422431085.
5, 19, 4446643
What are the prime factors of 836559035?
5, 13, 17, 757067
List the prime factors of 2299598643.
3, 89, 8612729
What are the prime factors of 46549263?
3, 23, 29, 43, 541
List the prime factors of 3952407300.
2, 3, 5, 3583, 3677
What are the prime factors of 42649123?
11, 37, 104789
What are the prime factors of 14720978?
2, 7360489
What are the prime factors of 885796797?
3, 89, 3317591
What are the prime factors of 2558518642?
2, 34031, 37591
List the prime factors of 416467016.
2, 7, 661, 11251
List the prime factors of 421587155.
5, 11, 59, 129919
List the prime factors of 827913525.
3, 5, 11038847
List the prime factors of 1981142783.
599, 3307417
What are the prime factors of 2239916886?
2, 3, 124439827
What are the prime factors of 420780484?
2, 31, 223, 15217
List the prime factors of 12600596.
2, 23, 136963
List the prime factors of 1053170846.
2, 7, 13, 1753, 3301
What are the prime factors of 510644748?
2, 3, 103, 413143
What are the prime factors of 9342171?
3, 1038019
What are the prime factors of 259021980?
2, 3, 5, 7, 241, 853
List the prime factors of 3394689042.
2, 3, 565781507
What are the prime factors of 66010778?
2, 397, 83137
What are the prime factors of 48610526?
2, 37, 199, 3301
List the prime factors of 181033855.
5, 137, 264283
List the prime factors of 520328805.
3, 5, 34688587
What are the prime factors of 32791757?
43, 762599
What are the prime factors of 84715189?
13, 6516553
List the prime factors of 185568107.
17, 10915771
List the prime factors of 27901184.
2, 73, 1493
List the prime factors of 244788790.
2, 5, 1103, 22193
List the prime factors of 770261231.
347, 2219773
List the prime factors of 233541439.
7879, 29641
List the prime factors of 148756022.
2, 29, 2564759
What are the prime factors of 32074066?
2, 2927, 5479
What are the prime factors of 190651213?
190651213
What are the prime factors of 1082991?
3, 7, 13, 3967
What are the prime factors of 70631378?
2, 59, 598571
List the prime factors of 984784705.
5, 196956941
What are the prime factors of 157226070?
2, 3, 5, 83, 233, 271
List the prime factors of 29325813.
3, 11, 888661
List the prime factors of 3883718434.
2, 521, 3727177
List the prime factors of 4658463694.
2, 4201, 554447
List the prime factors of 70345799.
23, 439, 6967
What are the prime factors of 4468011714?
2, 3, 67, 3704819
List the prime factors of 181894622.
2, 7, 13, 53, 109, 173
List the prime factors of 95237510.
2, 5, 47, 97, 2089
List the prime factors of 23673063.
3, 61, 129361
What are the prime factors of 376521?
3, 125507
List the prime factors of 32996175.
3, 5, 439949
List the prime factors of 2726575858.
2, 1363287929
What are the prime factors of 2394772027?
19, 126040633
List the prime factors of 125630491.
7, 199, 90187
List the prime factors of 62310675.
3, 5, 7, 118687
What are the prime factors of 1283877?
3, 7, 6793
List the prime factors of 2661586173.
3, 2731, 108287
List the prime factors of 119259746.
2, 883, 67531
List the prime factors of 2411893.
11, 31, 643
List the prime factors of 24914341.
24914341
List the prime factors of 278713852.
2, 69678463
List the prime factors of 1622501158.
2, 4583, 177013
List the prime factors of 1144686444.
2, 3, 11, 2039, 4253
List the prime factors of 135687344.
2, 13, 652343
List the prime factors of 390703893.
3, 151, 862481
What are the prime factors of 7559298?
2, 3, 139987
List the prime factors of 80948874.
2, 3, 31, 101, 139
List the prime factors of 221723132.
2, 55430783
List the prime factors of 3130953977.
179, 17491363
List the prime factors of 73888035.
3, 5, 13, 17, 31, 719
What are the prime factors of 361003712?
2, 5640683
What are the prime factors of 3134782502?
2, 331, 1693, 2797
List the prime factors of 57028172.
2, 467, 30529
What are the prime factors of 173436267?
3, 67, 283, 3049
List the prime factors of 5220988098.
2, 3, 317, 499, 5501
List the prime factors of 1540865537.
1540865537
What are the prime factors of 296549642?
2, 148274821
List the prime factors of 139897335.
3, 5, 17, 71, 7727
What are the prime factors of 630222287?
23, 29, 383, 2467
List the prime factors of 911158435.
5, 11, 17, 88591
What are the prime factors of 262178470?
2, 5, 31, 467, 1811
What are the prime factors of 488002064?
2, 11, 181, 15319
List the prime factors of 2282375906.
2, 457, 2497129
List the prime factors of 24872723.
641, 38803
List the prime factors of 503686856.
2, 97, 649081
List the prime factors of 25287445.
5, 191, 26479
List the prime factors of 1923466072.
2, 11, 21857569
List the prime factors of 913526159.
7, 13, 1434107
List the prime factors of 2272719096.
2, 3, 29, 1088467
What are the prime factors of 177000111?
3, 23, 31, 27583
List the prime factors of 50632931.
50632931
What are the prime factors of 28433300?
2, 5, 7, 151, 269
What are the prime factors of 2665203237?
3, 17, 41, 141623
List the prime factors of 58309799.
521, 111919
What are the prime factors of 75447952?
2, 4715497
List the prime factors of 194141929.
41, 4735169
What are the prime factors of 9949329?
3, 13, 85037
List the prime factors of 3670732759.
19, 47, 389, 10567
List the prime factors of 18815914.
2, 13, 641, 1129
List the prime factors of 235431501.
3, 67, 1171301
What are the prime factors of 51454142?
2, 25727071
List the prime factors of 142430245.
5, 28486049
List the prime factors of 105423131.
11, 9583921
List the prime factors of 63975676.
2, 15993919
List the prime factors of 2262477019.
11, 205679729
List the prime factors of 137676272.
2, 8604767
List the prime factors of 1278892267.
61, 20965447
What are the prime factors of 29773844?
2, 191, 38971
List the prime factors of 36713478.
2, 3, 29, 257, 821
What are the prime factors of 715325102?
2, 73, 1549, 3163
What are the prime factors of 80176551?
3, 7, 13, 23, 113
What are the prime factors of 141250786?
2, 43, 1642451
What are the prime factors of 23155633?
109, 212437
List the prime factors of 1517466387.
3, 157, 20521
List the prime factors of 16532.
2, 4133
What are the prime factors of 245260068?
2, 3, 181, 112919
List the prime factors of 978952198.
2, 7, 69925157
What are the prime factors of 6589985?
5, 193, 6829
List the prime factors of 4723539123.
3, 1574513041
List the prime factors of 1634611755.
3, 5, 7, 15567731
What are the prime factors of 108010890?
2, 3, 5, 13, 92317
List the prime factors of 345123955.
5, 11, 6274981
What are the prime factors of 343382296?
2, 42922787
What are the prime factors of 56550966?
2, 3, 9425161
What are the prime factors of 232430633?
37, 6281909
List the prime factors of 388670905.
5, 7, 23, 29, 16649
List the prime factors of 197234692.
2, 49308673
What are the prime factors of 875590731?
3, 197, 353, 1399
List the prime factors of 120161696.
2, 3755053
List the prime factors of 123945159.
3, 13, 29, 109589
List the prime factors of 515706548.
2, 7, 733, 25127
List the prime factors of 86427853.
86427853
What are the prime factors of 110784557?
13, 479, 17791
What are the prime factors of 451385752?
2, 2099, 26881
List the prime factors of 1183913635.
5, 73, 271, 11969
What are the prime factors of 2409393121?
37, 157, 414769
List the prime factors of 78935460.
2, 3, 5, 1315591
List the prime factors of 3234683680.
2, 5, 3739, 5407
What are the prime factors of 1677312669?
3, 61, 9165643
What are the prime factors of 723755231?
43, 151, 111467
What are the prime factors of 1585764306?
2, 3, 7, 12585431
What are the prime factors of 83209764?
2, 3, 11, 17, 3371
List the prime factors of 4202305.
5, 523, 1607
List the prime factors of 2015657437.
2015657437
What are the prime factors of 1184197898?
2, 13, 43, 701, 1511
List the prime factors of 63606953.
2459, 25867
List the prime factors of 2982995650.
2, 5, 227, 262819
List the prime factors of 114411659.
37, 73, 42359
What are the prime factors of 6991025337?
3, 776780593
What are the prime factors of 2423